uppose 4*s = 0, -3*p - 4*s + 176 = -70. Let t = p - 14. Calculate the remainder when t is divided by 4/(1/(-6)*-1).
20
Let m(p) = p**3 - 2*p**2 - 8*p + 12. What is the remainder when m(5) is divided by 33?
14
Let i = 1047 + -885. What is the remainder when i is divided by 41?
39
Let y = 266 - 225. Calculate the remainder when y is divided by 7.
6
Let g = -2994 + 3008. Calculate the remainder when (2 + -2)/1 + 27 is divided by g.
13
What is the remainder when 346 is divided by ((-5)/(15/8) + 4)*9?
10
Let k = 429 + -394. What is the remainder when k is divided by 18?
17
What is the remainder when (546/(-6))/7*-8 is divided by 22?
16
Let j be (-241)/(-6) - 9/54. Let c = j + -37. Suppose 4*x = 3*w - 20, 7*x - 4 = c*x. Calculate the remainder when 38 is divided by w.
6
Suppose -3*q + 146 = -o, -3*q - 4 = -1. Let h = 323 + o. What is the remainder when h is divided by 22?
20
Let l = 25 - 1. Let t(h) = 2*h**2 - 5*h + 2. Calculate the remainder when l is divided by t(3).
4
Let h(d) = -d**3 + 10*d**2 - 9*d - 12. Suppose 4*f = 0, -4*f = -2*r - 0*f + 32. What is the remainder when h(8) is divided by r?
12
Suppose -18 = -3*u + 3. Suppose u*y + 72 = 19*y. Suppose 39 = -5*v + 179. Calculate the remainder when v is divided by y.
4
Let m = 686 + -397. Calculate the remainder when m is divided by 58.
57
Suppose -5*p - 2*p = -371. Let g = 58 - p. What is the remainder when 29 is divided by g?
4
Let s = -169 - -240. Suppose 4*q = s - 15. Calculate the remainder when 41 is divided by q.
13
Let c = 221 + -154. Let f = 77 - c. Calculate the remainder when 48 is divided by f.
8
Suppose 4*i + a = -3*a - 8, 2*i + 8 = -3*a. Suppose -v + 2*d = -34, 2*v - 8*d = -11*d + 40. What is the remainder when v is divided by 1/((i/(-14))/(-1))?
5
Let q = 96 - 40. Let o = q - 41. Calculate the remainder when o is divided by 5.
0
Suppose 398*u = 397*u + 44. What is the remainder when 86 is divided by u?
42
Let n = 1173 - 1132. Suppose -5*w - x + 122 = 2*x, 2*x = -3*w + 74. What is the remainder when n is divided by w?
19
Let l(x) = -x + 1. Let j be l(1). Suppose 8*h - 5*h - 27 = j. What is the remainder when 6/h*42 - 0 is divided by 15?
13
Let a be 10/70 + 29/(-7). Let m be a/30 - 192/(-90). Suppose p = 4*b - 144, 0*b + m*p = 5*b - 177. What is the remainder when b is divided by 13?
11
Suppose 34 = 3*s + 4. Suppose 6*i - s = 4*i. Calculate the remainder when 13 is divided by i.
3
Suppose 2*u - 20 = 2*z, 5*u + 4*z - 64 = 22. Let c(x) = 136*x + 1. What is the remainder when c(1) is divided by u?
11
Let c = 690 + -378. Calculate the remainder when c is divided by 45.
42
Suppose -175 = -9*l + 2*l. What is the remainder when 94 is divided by l?
19
Suppose w - 538 = -2*w - 5*f, 860 = 5*w + f. Calculate the remainder when w is divided by 58.
55
Suppose 0 = -3*y + 4*a + 99, 4*a = -20 + 8. Calculate the remainder when 133 is divided by y.
17
Let u(p) = -8*p + 109. What is the remainder when 47 + (5 - (-4 + 12)) is divided by u(13)?
4
Suppose 0 = 7*y - 230 - 603. What is the remainder when y is divided by 24?
23
Let d = 3 - -8. What is the remainder when (-10)/7 - (-60492)/1988 is divided by d?
7
Let o(d) = -d**2 + 5*d - 5. Let q be o(6). Let j(a) = -a**2 - 11*a + 11. Calculate the remainder when 21 is divided by j(q).
10
Let d = 2 + -5. Suppose -v = -2, 2*x - 4*v = -3*x + 52. Calculate the remainder when (264/d)/(-2) + 3 is divided by x.
11
Let v be 12/((-5)/(240/9)). Calculate the remainder when 78 is divided by v/12*(-60)/8.
38
Let f(s) = 28*s - 393. Suppose 0*q - 20 = -5*q. Suppose 0 = q*u - 0*u - 40. What is the remainder when f(15) is divided by u?
7
Calculate the remainder when (-2)/(-5) - 2673/(-55) is divided by 9.
4
Suppose -5*l + 3 + 12 = 0. Let r = l - -7. What is the remainder when (-170)/10 + 220/4 is divided by r?
8
Let h be (-2)/(-5)*(-18 + 63). Let d = 6 - h. What is the remainder when -33*4/d - -2 is divided by 8?
5
Suppose -10*b - 84 = -14*b. Suppose 4*c - b = -3*c. Let m(y) = y**2 + y + 3. Calculate the remainder when m(0) is divided by c.
0
Let t(g) = g**3 + 15*g**2 - 2. Let k be t(-15). What is the remainder when 31 is divided by 1 - k*(4 - -4)?
14
Let v be ((-7)/((-70)/(-15)))/((-2)/(-4)). What is the remainder when 86 is divided by 4 + -3 - (-22 + (v - -3))?
17
Let n = 5 + 18. Let w = 63 - 69. Let p = w + 14. Calculate the remainder when n is divided by p.
7
Suppose 0 = l - 0*l - 11. Let j(x) = 2*x**2 - 4*x + 1. Let n be j(4). Suppose -3*z + n = u + 3, 6 = -z + 5*u. What is the remainder when l is divided by z?
3
Let j(y) = -y**3 + 8*y**2 + 11*y - 10. Let o be j(9). Calculate the remainder when ((-264)/(-32))/(2/o) is divided by 12.
9
Suppose -184*c + 178*c = -132. What is the remainder when 43 is divided by c?
21
Suppose 0 = 4*r + 3 - 11. Suppose -3*l = -5*k + 16, r*k = 4*l - 0*l - 2. Let g = -2671 + 2683. Calculate the remainder when g is divided by k.
2
Suppose 0 = -21*w - 519 + 1884. Let y = -5 + 22. What is the remainder when w is divided by y?
14
Let h = -21 - -21. Suppose -10*p + 13*p - 15 = h. Suppose 5*f + 2*z + 0*z = 35, 5*z = p*f - 35. Calculate the remainder when 10 is divided by f.
3
Let b(m) = 3*m**3 - 27*m**3 - 5*m**3 - m**3. What is the remainder when b(-1) is divided by 16?
14
Let g(w) = w**3 - 11*w**2 - 12*w + 24. Suppose 74*a - 80*a = -72. Calculate the remainder when 119 is divided by g(a).
23
Suppose -118 = -13*n + 11*n. Let r = 58 + -52. Calculate the remainder when n is divided by r.
5
What is the remainder when 296 is divided by 3/6 + (-9450)/(-60)?
138
Let m = 21 - 18. Suppose -3*a + 66 = 3*r, -m*r = 3*a + r - 62. Calculate the remainder when a is divided by 14.
12
Suppose 5*d = 178 - 38. What is the remainder when 27 is divided by d/10*(-4 + 52/8)?
6
Suppose -14 + 3 = -2*h + d, -3*h + 4*d = -4. Suppose 2*c = -5*t + 43, t - 3*c = 3 - h. What is the remainder when 30/5 - ((-3 - 4) + -6) is divided by t?
5
Let i(s) = s**2 + 6*s + 3. Let m(j) = -j - 25. Let q be m(-17). What is the remainder when 94 is divided by i(q)?
18
Let r(q) = 2*q**2 + 12*q + 1. Let z be r(-9). Let d = z + -32. Calculate the remainder when 3/((-6)/(-134)) - (3 - 3) is divided by d.
21
What is the remainder when (-15)/40*-8 + 103 is divided by 55?
51
Let l = 76 - 68. What is the remainder when 137 - 7/((-14)/l) is divided by 48?
45
Let i(f) = -13 - 7*f**2 + 2*f**3 - 3*f + 5 - 3*f**3 - 9. What is the remainder when 7 is divided by i(-7)?
3
Let v(c) = 388*c - 29. Calculate the remainder when v(1) is divided by 24.
23
Let l be 3 + 25 + (-2 - -1). Let r = 101 - l. What is the remainder when r is divided by 11?
8
Suppose 2*n + 45 = 3*n. Let p = -1415 - -1549. Calculate the remainder when p is divided by n.
44
Suppose -2*v - 2 = -2*f, 5*f - 3*v = -2*v + 25. What is the remainder when 27 is divided by f?
3
Let t be (-136)/(-32) - (-3)/4. Suppose -2*b = -t*w - 0*w + 50, 0 = 2*w + 3*b - 20. Suppose 4*r = 119 + 29. What is the remainder when r is divided by w?
7
Let u(x) = -2*x + 7. Let j be u(5). Let g = j + 10. Calculate the remainder when g is divided by 4.
3
Suppose 7*s = 6*s + 217. Let o = s + -40. Calculate the remainder when o is divided by 30.
27
Let q = -11 + 1. Let p(t) = t**2 + 9*t + 17. Calculate the remainder when p(q) is divided by 11.
5
Let k = 746 + -484. Calculate the remainder when k is divided by 123.
16
Suppose -222 = 19*v - 1761. What is the remainder when v is divided by 39?
3
Let y(j) = 6*j - 91. What is the remainder when 65 is divided by y(18)?
14
Let z(a) = a**2 - a - 10. Let h be z(-3). Suppose h*l = -s + 9, 4*l - 3*s = 7*l - 9. Calculate the remainder when 52 is divided by l.
4
Let z(j) = j**3 - 7*j**2 + j + 2. Let i(k) = -126*k + 5. Let g be i(-2). Suppose 8*t - g = -49. What is the remainder when t is divided by z(7)?
8
Suppose z = -7*q + 4*q + 19, 33 = 5*q + 2*z. Suppose 2*l = 3*w - 2*l - 130, 172 = 4*w - q*l. What is the remainder when w is divided by 20?
18
Calculate the remainder when 6 - 466/(1 - 2) is divided by 68.
64
Suppose 0 = 3*z - 2 - 4, -t + 3*z = -23. Calculate the remainder when 170 is divided by t.
25
Calculate the remainder when 80*(7/(-2) - -4) is divided by 22.
18
Let a be 1/4 + 3096/32. Let i = a + -53. Let m = 74 - i. What is the remainder when m is divided by 16?
14
Suppose -5*x - 9 = 1, 2*q + 32 = x. Let m = q - -52. Let v(z) = 